{"id":10939,"date":"2025-08-31T18:55:24","date_gmt":"2025-08-31T18:55:24","guid":{"rendered":"https:\/\/backlgrs.com.br\/?page_id=10939"},"modified":"2025-09-02T15:00:51","modified_gmt":"2025-09-02T15:00:51","slug":"entre-em-contacto","status":"publish","type":"page","link":"https:\/\/backlgrs.com.br\/?page_id=10939&lang=pt-pt","title":{"rendered":"Entre em Contacto"},"content":{"rendered":"\t\t<div data-elementor-type=\"wp-page\" data-elementor-id=\"10939\" class=\"elementor elementor-10939\" data-elementor-post-type=\"page\">\n\t\t\t\t\t\t<section class=\"elementor-section elementor-top-section elementor-element elementor-element-4939c52 elementor-section-boxed elementor-section-height-default elementor-section-height-default\" data-id=\"4939c52\" data-element_type=\"section\" data-e-type=\"section\">\n\t\t\t\t\t\t<div class=\"elementor-container elementor-column-gap-no\">\n\t\t\t\t\t<div class=\"elementor-column elementor-col-50 elementor-top-column elementor-element elementor-element-e6a2d73\" data-id=\"e6a2d73\" data-element_type=\"column\" data-e-type=\"column\">\n\t\t\t<div class=\"elementor-widget-wrap elementor-element-populated\">\n\t\t\t\t\t\t<div class=\"elementor-element elementor-element-ea66c32 elementor-widget elementor-widget-heading\" data-id=\"ea66c32\" data-element_type=\"widget\" data-e-type=\"widget\" data-widget_type=\"heading.default\">\n\t\t\t\t<div class=\"elementor-widget-container\">\n\t\t\t\t\t<h1 class=\"elementor-heading-title elementor-size-default\">Saiba como nossa equipa\npode te ajudar<\/h1>\t\t\t\t<\/div>\n\t\t\t\t<\/div>\n\t\t\t\t<div class=\"elementor-element elementor-element-bb7e6f6 elementor-widget__width-initial elementor-widget-mobile__width-inherit elementor-widget-tablet__width-inherit elementor-widget elementor-widget-text-editor\" data-id=\"bb7e6f6\" data-element_type=\"widget\" data-e-type=\"widget\" data-widget_type=\"text-editor.default\">\n\t\t\t\t<div class=\"elementor-widget-container\">\n\t\t\t\t\t\t\t\t\t<p>Temos um time de especialistas em Salesforce pronto para apoiar processos de implementa\u00e7\u00e3o e sustenta\u00e7\u00e3o personalizados para sua empresa.<\/p>\t\t\t\t\t\t\t\t<\/div>\n\t\t\t\t<\/div>\n\t\t\t\t\t<\/div>\n\t\t<\/div>\n\t\t\t\t<div class=\"elementor-column elementor-col-50 elementor-top-column elementor-element elementor-element-bc2a2fd\" data-id=\"bc2a2fd\" data-element_type=\"column\" data-e-type=\"column\">\n\t\t\t<div class=\"elementor-widget-wrap elementor-element-populated\">\n\t\t\t\t\t\t<div class=\"vamtam-has-theme-widget-styles elementor-element elementor-element-9811362 elementor-button-align-stretch vamtam-has-underline-anim elementor-widget elementor-widget-form\" data-id=\"9811362\" data-element_type=\"widget\" data-e-type=\"widget\" data-settings=\"{&quot;step_next_label&quot;:&quot;Next&quot;,&quot;step_previous_label&quot;:&quot;Previous&quot;,&quot;button_width&quot;:&quot;100&quot;,&quot;step_type&quot;:&quot;number_text&quot;,&quot;step_icon_shape&quot;:&quot;circle&quot;}\" data-widget_type=\"form.default\">\n\t\t\t\t<div class=\"elementor-widget-container\">\n\t\t\t\t\t\t\t<form class=\"elementor-form\" method=\"post\" name=\"New Form\">\n\t\t\t<input type=\"hidden\" name=\"post_id\" value=\"10939\"\/>\n\t\t\t<input type=\"hidden\" name=\"form_id\" value=\"9811362\"\/>\n\t\t\t<input type=\"hidden\" name=\"referer_title\" value=\"Backlgrs\" \/>\n\n\t\t\t\n\t\t\t<div class=\"elementor-form-fields-wrapper elementor-labels-above\">\n\t\t\t\t\t\t\t\t<div class=\"elementor-field-type-text elementor-field-group elementor-column elementor-field-group-name elementor-col-100 elementor-field-required\">\n\t\t\t\t\t\t\t\t\t\t\t\t\t<input size=\"1\" type=\"text\" name=\"form_fields[name]\" id=\"form-field-name\" class=\"elementor-field elementor-size-sm  elementor-field-textual\" placeholder=\"Nome\" required=\"required\">\n\t\t\t\t\t\t\t\t\t\t\t<\/div>\n\t\t\t\t\t\t\t\t<div class=\"elementor-field-type-email elementor-field-group elementor-column elementor-field-group-email elementor-col-100 elementor-field-required\">\n\t\t\t\t\t\t\t\t\t\t\t\t\t<input size=\"1\" type=\"email\" name=\"form_fields[email]\" id=\"form-field-email\" class=\"elementor-field elementor-size-sm  elementor-field-textual\" placeholder=\"Email Corporativo\" required=\"required\">\n\t\t\t\t\t\t\t\t\t\t\t<\/div>\n\t\t\t\t\t\t\t\t<div class=\"elementor-field-type-text elementor-field-group elementor-column elementor-field-group-field_93bc8cc elementor-col-100 elementor-field-required\">\n\t\t\t\t\t\t\t\t\t\t\t\t\t<input size=\"1\" type=\"text\" name=\"form_fields[field_93bc8cc]\" id=\"form-field-field_93bc8cc\" class=\"elementor-field elementor-size-sm  elementor-field-textual\" placeholder=\"Nome da Empresa\" required=\"required\">\n\t\t\t\t\t\t\t\t\t\t\t<\/div>\n\t\t\t\t\t\t\t\t<div class=\"elementor-field-type-tel elementor-field-group elementor-column elementor-field-group-field_597bd0b elementor-col-100 elementor-field-required\">\n\t\t\t\t\t\t\t<input size=\"1\" type=\"tel\" name=\"form_fields[field_597bd0b]\" id=\"form-field-field_597bd0b\" class=\"elementor-field elementor-size-sm  elementor-field-textual\" placeholder=\"Telefone para contacto\" required=\"required\" pattern=\"[0-9()#&amp;+*-=.]+\" title=\"Apenas n\u00fameros e caracteres de telefone (#, -, *, etc.) s\u00e3o aceitos.\">\n\n\t\t\t\t\t\t<\/div>\n\t\t\t\t\t\t\t\t<div class=\"elementor-field-type-textarea elementor-field-group elementor-column elementor-field-group-message elementor-col-100\">\n\t\t\t\t\t<textarea class=\"elementor-field-textual elementor-field  elementor-size-sm\" name=\"form_fields[message]\" id=\"form-field-message\" rows=\"4\" placeholder=\"Como podemos te ajudar?\"><\/textarea>\t\t\t\t<\/div>\n\t\t\t\t\t\t\t\t<div class=\"elementor-field-group elementor-column elementor-field-type-submit elementor-col-100 e-form__buttons\">\n\t\t\t\t\t<button class=\"elementor-button elementor-size-sm\" type=\"submit\">\n\t\t\t\t\t\t<span class=\"elementor-button-content-wrapper\">\n\t\t\t\t\t\t\t\t\t\t\t\t\t\t\t<span class=\"elementor-button-icon\">\n\t\t\t\t\t\t\t\t\t<i aria-hidden=\"true\" class=\"vamtamtheme- vamtam-theme-arrow-right\"><\/i>\t\t\t\t\t\t\t\t\t\t\t\t\t\t\t\t\t<\/span>\n\t\t\t\t\t\t\t\t\t\t\t\t\t\t\t\t\t\t\t\t\t\t<span class=\"elementor-button-text\">Entre em contacto connosco<\/span>\n\t\t\t\t\t\t\t\t\t\t\t\t\t<\/span>\n\t\t\t\t\t<\/button>\n\t\t\t\t<\/div>\n\t\t\t<\/div>\n\t\t<\/form>\n\t\t\t\t\t\t<\/div>\n\t\t\t\t<\/div>\n\t\t\t\t\t<\/div>\n\t\t<\/div>\n\t\t\t\t\t<\/div>\n\t\t<\/section>\n\t\t\t\t<\/div>\n\t\t","protected":false},"excerpt":{"rendered":"<p>Saiba como nossa equipa pode te ajudar Temos um time de especialistas em Salesforce pronto para apoiar processos de implementa\u00e7\u00e3o e sustenta\u00e7\u00e3o personalizados para sua empresa.<\/p>\n","protected":false},"author":1,"featured_media":0,"parent":0,"menu_order":0,"comment_status":"closed","ping_status":"closed","template":"","meta":{"footnotes":""},"class_list":["post-10939","page","type-page","status-publish","hentry"],"yoast_head":"<!-- This site is optimized with the Yoast SEO plugin v26.9 - https:\/\/yoast.com\/product\/yoast-seo-wordpress\/ -->\n<title>Entre em Contacto - Backlgrs<\/title>\n<meta name=\"robots\" content=\"index, follow, max-snippet:-1, max-image-preview:large, max-video-preview:-1\" \/>\n<link rel=\"canonical\" href=\"https:\/\/backlgrs.com.br\/?page_id=10939&lang=pt-pt\" \/>\n<meta property=\"og:locale\" content=\"pt_BR\" \/>\n<meta property=\"og:type\" content=\"article\" \/>\n<meta property=\"og:title\" content=\"Entre em Contacto - Backlgrs\" \/>\n<meta property=\"og:description\" content=\"Saiba como nossa equipa pode te ajudar Temos um time de especialistas em Salesforce pronto para apoiar processos de implementa\u00e7\u00e3o e sustenta\u00e7\u00e3o personalizados para sua empresa.\" \/>\n<meta property=\"og:url\" content=\"https:\/\/backlgrs.com.br\/?page_id=10939&amp;lang=pt-pt\" \/>\n<meta property=\"og:site_name\" content=\"Backlgrs\" \/>\n<meta property=\"article:modified_time\" content=\"2025-09-02T15:00:51+00:00\" \/>\n<meta name=\"twitter:card\" content=\"summary_large_image\" \/>\n<meta name=\"twitter:label1\" content=\"Est. tempo de leitura\" \/>\n\t<meta name=\"twitter:data1\" content=\"1 minuto\" \/>\n<script type=\"application\/ld+json\" class=\"yoast-schema-graph\">{\"@context\":\"https:\/\/schema.org\",\"@graph\":[{\"@type\":\"WebPage\",\"@id\":\"https:\/\/backlgrs.com.br\/?page_id=10939&lang=pt-pt\",\"url\":\"https:\/\/backlgrs.com.br\/?page_id=10939&lang=pt-pt\",\"name\":\"Entre em Contacto - Backlgrs\",\"isPartOf\":{\"@id\":\"https:\/\/backlgrs.com.br\/#website\"},\"datePublished\":\"2025-08-31T18:55:24+00:00\",\"dateModified\":\"2025-09-02T15:00:51+00:00\",\"breadcrumb\":{\"@id\":\"https:\/\/backlgrs.com.br\/?page_id=10939&lang=pt-pt#breadcrumb\"},\"inLanguage\":\"pt-BR\",\"potentialAction\":[{\"@type\":\"ReadAction\",\"target\":[\"https:\/\/backlgrs.com.br\/?page_id=10939&lang=pt-pt\"]}]},{\"@type\":\"BreadcrumbList\",\"@id\":\"https:\/\/backlgrs.com.br\/?page_id=10939&lang=pt-pt#breadcrumb\",\"itemListElement\":[{\"@type\":\"ListItem\",\"position\":1,\"name\":\"In\u00edcio\",\"item\":\"https:\/\/backlgrs.com.br\/\"},{\"@type\":\"ListItem\",\"position\":2,\"name\":\"Entre em Contacto\"}]},{\"@type\":\"WebSite\",\"@id\":\"https:\/\/backlgrs.com.br\/#website\",\"url\":\"https:\/\/backlgrs.com.br\/\",\"name\":\"Backlgrs\",\"description\":\"\",\"publisher\":{\"@id\":\"https:\/\/backlgrs.com.br\/#organization\"},\"potentialAction\":[{\"@type\":\"SearchAction\",\"target\":{\"@type\":\"EntryPoint\",\"urlTemplate\":\"https:\/\/backlgrs.com.br\/?s={search_term_string}\"},\"query-input\":{\"@type\":\"PropertyValueSpecification\",\"valueRequired\":true,\"valueName\":\"search_term_string\"}}],\"inLanguage\":\"pt-BR\"},{\"@type\":\"Organization\",\"@id\":\"https:\/\/backlgrs.com.br\/#organization\",\"name\":\"Backlgrs\",\"url\":\"https:\/\/backlgrs.com.br\/\",\"logo\":{\"@type\":\"ImageObject\",\"inLanguage\":\"pt-BR\",\"@id\":\"https:\/\/backlgrs.com.br\/#\/schema\/logo\/image\/\",\"url\":\"https:\/\/backlgrs.com.br\/wp-content\/uploads\/2023\/05\/Brandbook-1.png\",\"contentUrl\":\"https:\/\/backlgrs.com.br\/wp-content\/uploads\/2023\/05\/Brandbook-1.png\",\"width\":629,\"height\":183,\"caption\":\"Backlgrs\"},\"image\":{\"@id\":\"https:\/\/backlgrs.com.br\/#\/schema\/logo\/image\/\"}}]}<\/script>\n<!-- \/ Yoast SEO plugin. -->","yoast_head_json":{"title":"Entre em Contacto - Backlgrs","robots":{"index":"index","follow":"follow","max-snippet":"max-snippet:-1","max-image-preview":"max-image-preview:large","max-video-preview":"max-video-preview:-1"},"canonical":"https:\/\/backlgrs.com.br\/?page_id=10939&lang=pt-pt","og_locale":"pt_BR","og_type":"article","og_title":"Entre em Contacto - Backlgrs","og_description":"Saiba como nossa equipa pode te ajudar Temos um time de especialistas em Salesforce pronto para apoiar processos de implementa\u00e7\u00e3o e sustenta\u00e7\u00e3o personalizados para sua empresa.","og_url":"https:\/\/backlgrs.com.br\/?page_id=10939&lang=pt-pt","og_site_name":"Backlgrs","article_modified_time":"2025-09-02T15:00:51+00:00","twitter_card":"summary_large_image","twitter_misc":{"Est. tempo de leitura":"1 minuto"},"schema":{"@context":"https:\/\/schema.org","@graph":[{"@type":"WebPage","@id":"https:\/\/backlgrs.com.br\/?page_id=10939&lang=pt-pt","url":"https:\/\/backlgrs.com.br\/?page_id=10939&lang=pt-pt","name":"Entre em Contacto - Backlgrs","isPartOf":{"@id":"https:\/\/backlgrs.com.br\/#website"},"datePublished":"2025-08-31T18:55:24+00:00","dateModified":"2025-09-02T15:00:51+00:00","breadcrumb":{"@id":"https:\/\/backlgrs.com.br\/?page_id=10939&lang=pt-pt#breadcrumb"},"inLanguage":"pt-BR","potentialAction":[{"@type":"ReadAction","target":["https:\/\/backlgrs.com.br\/?page_id=10939&lang=pt-pt"]}]},{"@type":"BreadcrumbList","@id":"https:\/\/backlgrs.com.br\/?page_id=10939&lang=pt-pt#breadcrumb","itemListElement":[{"@type":"ListItem","position":1,"name":"In\u00edcio","item":"https:\/\/backlgrs.com.br\/"},{"@type":"ListItem","position":2,"name":"Entre em Contacto"}]},{"@type":"WebSite","@id":"https:\/\/backlgrs.com.br\/#website","url":"https:\/\/backlgrs.com.br\/","name":"Backlgrs","description":"","publisher":{"@id":"https:\/\/backlgrs.com.br\/#organization"},"potentialAction":[{"@type":"SearchAction","target":{"@type":"EntryPoint","urlTemplate":"https:\/\/backlgrs.com.br\/?s={search_term_string}"},"query-input":{"@type":"PropertyValueSpecification","valueRequired":true,"valueName":"search_term_string"}}],"inLanguage":"pt-BR"},{"@type":"Organization","@id":"https:\/\/backlgrs.com.br\/#organization","name":"Backlgrs","url":"https:\/\/backlgrs.com.br\/","logo":{"@type":"ImageObject","inLanguage":"pt-BR","@id":"https:\/\/backlgrs.com.br\/#\/schema\/logo\/image\/","url":"https:\/\/backlgrs.com.br\/wp-content\/uploads\/2023\/05\/Brandbook-1.png","contentUrl":"https:\/\/backlgrs.com.br\/wp-content\/uploads\/2023\/05\/Brandbook-1.png","width":629,"height":183,"caption":"Backlgrs"},"image":{"@id":"https:\/\/backlgrs.com.br\/#\/schema\/logo\/image\/"}}]}},"lang":"pt-pt","translations":{"pt-pt":10939,"pt":96,"en":10947},"pll_sync_post":[],"_links":{"self":[{"href":"https:\/\/backlgrs.com.br\/index.php?rest_route=\/wp\/v2\/pages\/10939","targetHints":{"allow":["GET"]}}],"collection":[{"href":"https:\/\/backlgrs.com.br\/index.php?rest_route=\/wp\/v2\/pages"}],"about":[{"href":"https:\/\/backlgrs.com.br\/index.php?rest_route=\/wp\/v2\/types\/page"}],"author":[{"embeddable":true,"href":"https:\/\/backlgrs.com.br\/index.php?rest_route=\/wp\/v2\/users\/1"}],"replies":[{"embeddable":true,"href":"https:\/\/backlgrs.com.br\/index.php?rest_route=%2Fwp%2Fv2%2Fcomments&post=10939"}],"version-history":[{"count":15,"href":"https:\/\/backlgrs.com.br\/index.php?rest_route=\/wp\/v2\/pages\/10939\/revisions"}],"predecessor-version":[{"id":11057,"href":"https:\/\/backlgrs.com.br\/index.php?rest_route=\/wp\/v2\/pages\/10939\/revisions\/11057"}],"wp:attachment":[{"href":"https:\/\/backlgrs.com.br\/index.php?rest_route=%2Fwp%2Fv2%2Fmedia&parent=10939"}],"curies":[{"name":"wp","href":"https:\/\/api.w.org\/{rel}","templated":true}]}}